+ -4. Let s be (-47)/(-329) + 40/14. Suppose -f*m + 630 = o, 2*m + 0*o - 413 = -s*o. Is m a composite number?
False
Is (-3 + 4 + -5)*270195/12*-1 a composite number?
True
Let l(q) = 24*q**3 + 1. Let z be l(-1). Let y = z - -28. Suppose 0*u = 5*u + 2*o - 1065, -455 = -2*u + y*o. Is u a prime number?
False
Let c(g) = g**3 - 27*g**2 + 24*g + 55. Let j be c(26). Suppose 3*b - 7*b = j*q - 4661, 4*b = -q + 1543. Is q a composite number?
False
Let n be 4/(2 - -2)*0. Suppose 2*g = -5*o + 8, -4*o + 28 = 3*g + g. Suppose n = -g*f + 14*f - 3745. Is f prime?
False
Let h(v) = 379870*v - 651. Is h(2) a composite number?
False
Let d be -2*2391/(-30) - 4/10. Let c = 1087 + d. Suppose -c = -q - 351. Is q a prime number?
False
Is (-7)/(-1) + (9162 - (-14)/(-7)) composite?
True
Suppose 4*q + 3*g = 967268, 4*q = -13*g + 16*g + 967268. Is q composite?
False
Let u be 2361 + -1 + (-1 - 3). Suppose 4*o = u + 4580. Suppose 6*k + 0*k = o. Is k a prime number?
False
Let z = 20283 + -9502. Let c = z + -6160. Is c a composite number?
False
Let n = -423185 + 1259532. Is n a prime number?
True
Let l be -23 + 27 - (-1)/((-1)/3). Is -3 + -5 - -1101 - (-1)/l a prime number?
False
Let r(v) = -244*v**2 - 35*v + 33. Let o be r(10). Let m = -13690 - o. Is m composite?
False
Let r = -12 - -22. Suppose -5*a - r*a - 75 = 0. Let o(i) = i**3 + 11*i**2 - 4*i - 7. Is o(a) a prime number?
True
Is 47306 + 60 + -71 + 16/((-4)/(-2)) prime?
True
Suppose -s = -7*o + 2*o, -4*s + 2*o = 0. Suppose s = -14*t - 0*t + 69706. Is t a prime number?
False
Let f be (-16)/56 - (-32)/14. Suppose -f*o + 0*d + 4*d + 24 = 0, -4*d = 4*o. Suppose 883 = 5*m + 2*b - 366, -b = -o*m + 1007. Is m prime?
True
Suppose -d = 4*h - 9111, 0*h + h = 4*d + 2265. Suppose 4*z - 4*n = 3552, 4*z + 2*n - h = 1269. Is z a composite number?
False
Let b = 293348 + -32601. Is b composite?
False
Suppose 44075 = x + 2*r, -135*x = -133*x - 2*r - 88186. Is x prime?
True
Let v(t) = -191*t**3 - 5*t**2 - 16*t + 101. Is v(-13) composite?
True
Let t(v) be the second derivative of -v**5/10 - 3*v**4/2 + 9*v**3/2 - 14*v**2 + 30*v. Is t(-21) composite?
True
Let x = 447417 - -200072. Is x a prime number?
True
Let w(b) be the third derivative of 3/2*b**3 + 0*b + 0 - 1/8*b**4 - b**2 + 3/20*b**5 + 1/120*b**6. Is w(-8) a composite number?
False
Let d(f) = -1560*f**3 + 1. Let l be (-70)/(-10) + (-6)/2. Suppose 0 = l*p - 8, -6*p + 10 = -2*w - 2*p. Is d(w) composite?
True
Let o(m) = 16*m + 76*m + 18 + 8. Let q be o(8). Suppose 13*c - 7*c = q. Is c a prime number?
True
Is 10*48/30 - -252853 a prime number?
True
Let m(p) be the second derivative of 253*p**4/4 + 5*p**3/6 - 5*p**2/2 - p + 18. Is m(3) a prime number?
True
Let u(z) = -7*z**3 - 22*z**2 + 17*z + 12. Let c(o) = 10*o**3 + 33*o**2 - 26*o - 19. Let l(k) = 5*c(k) + 7*u(k). Is l(-10) a composite number?
False
Suppose -5*b + 1205 = -0*b - 5*i, 4*b - 5*i - 964 = 0. Let y be 6*(-8300)/375*(-10)/(-4). Let t = b - y. Is t a composite number?
True
Suppose 0 = -4*j + 77 + 115. Let m = -43 + j. Is (6/(-15)*m)/((-2)/1949) a prime number?
True
Let v(w) = -450*w + 161. Let m(c) = 338*c - 122. Let l(k) = 9*m(k) + 7*v(k). Suppose 3*f = 6*f + 93. Is l(f) a composite number?
True
Let l = -641 - -384. Let z = 1654 + l. Is z a composite number?
True
Let q be (14/(-6) + 2)/((-5)/255). Suppose -35*h + q*h + 194058 = 0. Is h composite?
False
Let i = -200760 + 640559. Is i a prime number?
True
Let u be 3 + 504/2 + -2. Let p(n) = n**3 + 12*n**2 + 13*n + 21. Let f be p(-11). Is (f - -1) + -2 + u composite?
False
Suppose -5*z - 1904806 = -3*o, -3*o - 2*z - z + 1904790 = 0. Suppose 39*m - 324975 - o = 0. Is m a composite number?
True
Suppose -59*u - 2394907 = -88*u. Is u composite?
True
Let t(p) = -1217*p + 198. Let m be t(11). Let y = 21872 + m. Is y a prime number?
False
Suppose 29 = -y + 4*y - 5*u, 5*y - 43 = 3*u. Let r(q) be the first derivative of q**4/4 + 8*q**3/3 + 3*q**2/2 + 13*q - 271. Is r(y) a prime number?
True
Let a(z) = -10*z - 83. Let j be a(-9). Suppose 3*v + 3*b - 2737 = j*b, 0 = v + 2*b - 899. Is v composite?
False
Let t(v) = v**3 - 34*v + 296909. Is t(0) composite?
False
Let p = -2845 - -4384. Let g = p + 1814. Is g prime?
False
Suppose 3*i = 501*w - 502*w + 600690, 4*w = -i + 2402727. Is w composite?
True
Suppose 24 = 3*q + 5*i, 4*i - 24 = -3*q + 5*i. Suppose -3*f - 2*p + 9401 = 0, -15705 = -5*f + q*p - 4*p. Is f composite?
False
Let w(v) = 1971*v**2 - 21*v - 73. Is w(-3) a composite number?
False
Let q(a) = -5257*a - 4178. Is q(-91) a composite number?
True
Let y(h) = -29 + 25*h - 16 + 2. Let t be ((-12)/21 + 3 + -3)/((-9)/126). Is y(t) a prime number?
True
Suppose -m = -24*m + 57*m - 1624894. Is m composite?
False
Suppose -121 = -2*c + 25. Let a be (c/2 + 1)*-6. Let k = a + 370. Is k prime?
False
Let d(v) = v + 1. Let q(z) = -z**2 - 43*z + 11593. Let g(t) = 4*d(t) + q(t). Is g(0) a prime number?
True
Let b = -154846 + 263573. Is b a prime number?
True
Let w = 393 + -383. Suppose -w*n + 6*n - 5248 = -2*z, 3*z - 7857 = 3*n. Is z a prime number?
False
Let d(q) = 21*q**2 - 9*q - 28. Let u be d(-9). Is ((-48)/32)/((-3)/u) a composite number?
False
Let n(j) = 14 + 15*j - 10*j - j**2 - 2. Let f be n(7). Is f + 4435/3 + (-16)/(-24) a composite number?
True
Let a(r) = -112*r**3 - 5*r**2 - 16*r - 31. Is a(-4) composite?
False
Let m(w) = 7*w**3 - 2*w**2 + 2*w - 1. Let g be m(1). Let b be 2/(-3)*(-19701)/g. Suppose -q + a + b = -a, -a = -3. Is q a composite number?
True
Suppose t + 22 = 5*l, 0 = 3*l - 4*l - 2*t. Suppose -l*h = -36*h + 62144. Is h composite?
True
Let f(w) = -3*w + 36. Let c be f(12). Suppose -5*l + 6*g + 8753 = 9*g, c = 2*l - g - 3510. Is l a prime number?
True
Suppose 27 = r - 3*n, 3*r + n - 111 = -0*n. Is 8/r*1 + 171302/18 a composite number?
True
Let c(l) = 32*l**2 - 9*l - 31. Let b(p) = -p + 1. Let v(k) = -16*k**2 + k + 20. Let t(z) = 4*b(z) - v(z). Let a(d) = 3*c(d) - 5*t(d). Is a(4) prime?
False
Let y(s) = -40060*s**3 + 6*s**2 - 6*s - 9. Is y(-1) composite?
False
Suppose -3*q = -455 - 94. Suppose q + 7 = 5*f. Suppose -253 = -3*d + f. Is d a prime number?
True
Let l = -57248 - -239907. Is l prime?
True
Suppose 0*b = -b + 4. Suppose b*f - 3*o - 420 = 0, -3*f + o = -4*o - 315. Suppose r = -2*r + f. Is r composite?
True
Let p(y) = 1633*y**2 + 72*y + 157. Is p(26) a composite number?
True
Let q be (-126655)/10 + 10/20. Let b = q - -18763. Is b prime?
False
Let x(t) = -t**2 + 7*t - 8. Let g be x(5). Suppose g*z - 1922 = 3*f, f + 5*z + 28 = -607. Let o = 1231 + f. Is o a composite number?
True
Let d be 70/(-30)*(-15 + 6). Is (-36238)/(28/d*6/(-4)) prime?
True
Let d(a) = 144*a**2 - 3*a - 783. Is d(44) a prime number?
False
Suppose 16491093 = 117*w - 11331018 - 14817954. Is w composite?
True
Suppose -110077 = 28*j - 1014035 - 220606. Is j composite?
False
Is (-226451)/(-2)*(-34)/(-17) a prime number?
True
Let b(q) = 11*q**2 + 5*q - 12 + 31 - 2*q**2 - 13*q + 6*q. Is b(16) a prime number?
False
Is -8 - (2/8 - 4/(256/37212880)) prime?
True
Suppose -2*a - a + m = 1014, -a - 324 = -5*m. Is (-4 - (-4 - 20/(-12)))*a composite?
True
Let y(s) be the second derivative of 3*s**4/2 + 8*s**3/3 - 39*s**2/2 + s. Is y(7) prime?
False
Let v = 92 + -50. Suppose 6*w - v = -w. Suppose -w*t - 3874 = -8*t. Is t a prime number?
False
Is (-112)/210*3 + 420453/5 prime?
True
Let f(y) = y - 11. Let z be f(10). Is -19 - -25 - 1967/z prime?
True
Let y(z) = -18*z - 87 + 46*z + 16 + 34*z. Let s be 1072/88 + 8/(-44). Is y(s) a composite number?
False
Let c be 87546/(-4)*(0 - (-8)/6). Let v = c - -49023. Is v a prime number?
True
Let a(m) = 707*m**2 - 108*m + 14. Is a(-15) prime?
True
Suppose 79 = 2*f - f + 4*o, 4*f = 5*o + 211. Let k = -51 + f. Suppose m = 3*m + k, -4*l = -5*m - 7224. Is l prime?
True
Suppose u = -3*s + 331151, -3*u + 53*s - 58*s + 993469 = 0. Is u composite?
True
Suppose -8*w + 6*w - 4*c - 16 = 0, -21 = 3*w + 5*c. Is w*(2289/(-2))/7 a prime number?
False
Let x = -1012 + -67. Let a = 690 + x. Is (-2)/6*(8 + a) a composite number?
False
Suppose -14 - 22 = -9*a. Suppose h - q - 15 = 0, 4*q - q = -a*h + 25. Is (-2)/5 - (-11034)/h composite?
False
Let v(o) be the third derivative of -4*o**2 + 0*o - 5/4*o**4 + 1/6*o**3 + 0. Is v(-10) a prime number?
False
Let j be 6284 + -10 - 1*-2*3. Suppose 0 = -3*k - j + 72217. Is